{"id":10,"date":"2024-04-30T10:44:20","date_gmt":"2024-04-30T10:44:20","guid":{"rendered":"https:\/\/transdiz.es\/?page_id=10"},"modified":"2024-05-03T09:26:56","modified_gmt":"2024-05-03T09:26:56","slug":"servicios","status":"publish","type":"page","link":"https:\/\/transdiz.es\/index.php\/servicios\/","title":{"rendered":"servicios"},"content":{"rendered":"\n<p class=\"has-black-color has-text-color has-link-color wp-elements-6cd5594e9dbd02461cee7820370083d3\">Gracias al buen hacer de nuestro equipo humano y nuestra flota de veh\u00edculos cumplimos con todos los plazos de entrega consiguiendo un elevado grado de satisfacci\u00f3n en nuestros clientes.&nbsp;<\/p>\n\n\n\n<p class=\"has-black-color has-text-color has-link-color wp-elements-9a56c0faf481f1b12f14f17c06309df2\">Disponemos de una moderna flota fruto de una pol\u00edtica de renovaci\u00f3n constante.<\/p>\n\n\n\n<p class=\"has-black-color has-text-color has-link-color wp-elements-0b962e17ff07f6db18900a9a0b0b33b7\">Adem\u00e1s contamos con un <strong>amplio n\u00famero de colaboradores<\/strong> para cubrir las necesidades de nuestros clientes al completo.<\/p>\n\n\n\n<p class=\"has-black-color has-text-color has-link-color wp-elements-f715ce8e485e427a5ffff55623ae87c7\"><strong>Seguridad<\/strong> en el transporte de mercanc\u00edas peligrosas.<\/p>\n\n\n\n<p class=\"has-black-color has-text-color has-link-color wp-elements-ea0b003562cd0252d89cb16b70625dc3\"><strong>Prevenci\u00f3n<\/strong> de riesgos laborales y Formaci\u00f3n de los trabajadores.<\/p>\n\n\n\n<p class=\"has-black-color has-text-color has-link-color wp-elements-41b719f3b12cc614ecf88d7a7b8ea998\">Dar <strong>soluci\u00f3n<\/strong> a las <strong>necesidades<\/strong> de nuestros <strong>clientes <\/strong>medioambientes<\/p>\n\n\n\n<p class=\"has-black-color has-text-color has-link-color wp-elements-46490f14bc0e373e36ad061e86fc4c9b\"><strong>Nuestros conductores<\/strong> trabajan con instrucciones escritas, precisas para cada \u00e1rea, que garantizan la uniformidad de su metodolog\u00eda. <\/p>\n\n\n\n<p class=\"has-black-color has-text-color has-link-color wp-elements-8b20e194a5670255a4879f77007d43fa\">Conscientes de ser la imagen de nuestra compa\u00f1\u00eda, se ha hecho un importante esfuerzo en su formaci\u00f3n y evaluaci\u00f3n.<\/p>\n\n\n\n<figure class=\"wp-block-image size-large is-resized\"><img loading=\"lazy\" decoding=\"async\" width=\"1024\" height=\"683\" src=\"https:\/\/transdiz.es\/wp-content\/uploads\/2024\/05\/gabriel-santos-GBVDilE8yvI-unsplash-1024x683.jpg\" alt=\"\" class=\"wp-image-40\" style=\"width:841px;height:auto\" srcset=\"https:\/\/transdiz.es\/wp-content\/uploads\/2024\/05\/gabriel-santos-GBVDilE8yvI-unsplash-1024x683.jpg 1024w, https:\/\/transdiz.es\/wp-content\/uploads\/2024\/05\/gabriel-santos-GBVDilE8yvI-unsplash-300x200.jpg 300w, https:\/\/transdiz.es\/wp-content\/uploads\/2024\/05\/gabriel-santos-GBVDilE8yvI-unsplash-768x512.jpg 768w, https:\/\/transdiz.es\/wp-content\/uploads\/2024\/05\/gabriel-santos-GBVDilE8yvI-unsplash-1536x1024.jpg 1536w, https:\/\/transdiz.es\/wp-content\/uploads\/2024\/05\/gabriel-santos-GBVDilE8yvI-unsplash-2048x1365.jpg 2048w\" sizes=\"auto, (max-width: 1024px) 100vw, 1024px\" \/><\/figure>\n\n\n\n<p class=\"has-black-color has-text-color has-link-color wp-elements-9bc454d9615a83e91d8340530afc3c29\">Rutas nacionales e internacionales<\/p>\n\n\n\n<figure class=\"wp-block-image size-large\"><img loading=\"lazy\" decoding=\"async\" width=\"1024\" height=\"683\" src=\"https:\/\/transdiz.es\/wp-content\/uploads\/2024\/05\/artem-beliaikin-42OiN2WhCPs-unsplash-1024x683.jpg\" alt=\"\" class=\"wp-image-41\" srcset=\"https:\/\/transdiz.es\/wp-content\/uploads\/2024\/05\/artem-beliaikin-42OiN2WhCPs-unsplash-1024x683.jpg 1024w, https:\/\/transdiz.es\/wp-content\/uploads\/2024\/05\/artem-beliaikin-42OiN2WhCPs-unsplash-300x200.jpg 300w, https:\/\/transdiz.es\/wp-content\/uploads\/2024\/05\/artem-beliaikin-42OiN2WhCPs-unsplash-768x512.jpg 768w, https:\/\/transdiz.es\/wp-content\/uploads\/2024\/05\/artem-beliaikin-42OiN2WhCPs-unsplash-1536x1024.jpg 1536w, https:\/\/transdiz.es\/wp-content\/uploads\/2024\/05\/artem-beliaikin-42OiN2WhCPs-unsplash-2048x1365.jpg 2048w\" sizes=\"auto, (max-width: 1024px) 100vw, 1024px\" \/><\/figure>\n","protected":false},"excerpt":{"rendered":"<p>Gracias al buen hacer de nuestro equipo humano y nuestra flota de veh\u00edculos cumplimos con todos los plazos de entrega consiguiendo un elevado grado de satisfacci\u00f3n en nuestros clientes.&nbsp; Disponemos de una moderna flota fruto de una pol\u00edtica de renovaci\u00f3n constante. Adem\u00e1s contamos con un amplio n\u00famero de colaboradores para cubrir las necesidades de nuestros [&hellip;]<\/p>\n","protected":false},"author":1,"featured_media":0,"parent":0,"menu_order":0,"comment_status":"closed","ping_status":"closed","template":"templates\/page-gullwidth.php","meta":{"footnotes":""},"class_list":["post-10","page","type-page","status-publish","hentry"],"_links":{"self":[{"href":"https:\/\/transdiz.es\/index.php\/wp-json\/wp\/v2\/pages\/10","targetHints":{"allow":["GET"]}}],"collection":[{"href":"https:\/\/transdiz.es\/index.php\/wp-json\/wp\/v2\/pages"}],"about":[{"href":"https:\/\/transdiz.es\/index.php\/wp-json\/wp\/v2\/types\/page"}],"author":[{"embeddable":true,"href":"https:\/\/transdiz.es\/index.php\/wp-json\/wp\/v2\/users\/1"}],"replies":[{"embeddable":true,"href":"https:\/\/transdiz.es\/index.php\/wp-json\/wp\/v2\/comments?post=10"}],"version-history":[{"count":4,"href":"https:\/\/transdiz.es\/index.php\/wp-json\/wp\/v2\/pages\/10\/revisions"}],"predecessor-version":[{"id":54,"href":"https:\/\/transdiz.es\/index.php\/wp-json\/wp\/v2\/pages\/10\/revisions\/54"}],"wp:attachment":[{"href":"https:\/\/transdiz.es\/index.php\/wp-json\/wp\/v2\/media?parent=10"}],"curies":[{"name":"wp","href":"https:\/\/api.w.org\/{rel}","templated":true}]}}